git of 1712440431?
1
What is the units digit of 2306660711?
1
What is the billions digit of 7731329421?
7
What is the ten thousands digit of 2497068883?
6
What is the ten thousands digit of 4673597928?
9
What is the units digit of 639192234?
4
What is the thousands digit of 685907088?
7
What is the tens digit of 161422248?
4
What is the hundred millions digit of 3968069331?
9
What is the tens digit of 178256577?
7
What is the thousands digit of 784447563?
7
What is the hundreds digit of 8531051?
0
What is the ten millions digit of 1813031037?
1
What is the hundreds digit of 109827886?
8
What is the thousands digit of 2831304522?
4
What is the ten millions digit of 5108551756?
0
What is the thousands digit of 352143027?
3
What is the hundred millions digit of 295549157?
2
What is the ten thousands digit of 9882270?
8
What is the hundreds digit of 1249227498?
4
What is the hundreds digit of 370194239?
2
What is the tens digit of 994725851?
5
What is the thousands digit of 44068687?
8
What is the ten millions digit of 53731385?
5
What is the ten thousands digit of 13780022?
8
What is the millions digit of 77053361?
7
What is the hundreds digit of 5449287?
2
What is the millions digit of 9681864?
9
What is the hundred millions digit of 774364842?
7
What is the ten thousands digit of 473341960?
4
What is the units digit of 490924912?
2
What is the hundreds digit of 341206012?
0
What is the units digit of 7687042?
2
What is the tens digit of 180517526?
2
What is the hundred thousands digit of 1045253424?
2
What is the ten thousands digit of 44931585?
3
What is the ten millions digit of 65383917?
6
What is the millions digit of 86708977?
6
What is the units digit of 51463620?
0
What is the thousands digit of 38431843?
1
What is the ten thousands digit of 669939394?
3
What is the tens digit of 1167497?
9
What is the hundred thousands digit of 7472511?
4
What is the ten millions digit of 439894979?
3
What is the tens digit of 27831521?
2
What is the hundred thousands digit of 4154642?
1
What is the millions digit of 274666293?
4
What is the hundreds digit of 3765475341?
3
What is the thousands digit of 2249396600?
6
What is the thousands digit of 2132921580?
1
What is the tens digit of 81026135?
3
What is the units digit of 380913996?
6
What is the millions digit of 338495422?
8
What is the units digit of 58407322?
2
What is the millions digit of 1422252218?
2
What is the units digit of 46439451?
1
What is the millions digit of 23453283?
3
What is the thousands digit of 288776297?
6
What is the units digit of 14876513?
3
What is the hundreds digit of 33810562?
5
What is the hundred thousands digit of 49956554?
9
What is the thousands digit of 280411694?
1
What is the ten thousands digit of 1606728829?
2
What is the tens digit of 147242163?
6
What is the ten millions digit of 6866336308?
6
What is the thousands digit of 9996495?
6
What is the thousands digit of 79505037?
5
What is the units digit of 578177338?
8
What is the thousands digit of 70160035?
0
What is the thousands digit of 3878180057?
0
What is the millions digit of 798166918?
8
What is the ten millions digit of 313519718?
1
What is the tens digit of 355767149?
4
What is the ten thousands digit of 47756864?
5
What is the tens digit of 28934145?
4
What is the ten millions digit of 538221277?
3
What is the ten millions digit of 585943578?
8
What is the units digit of 469064850?
0
What is the ten millions digit of 758055794?
5
What is the billions digit of 2141629768?
2
What is the thousands digit of 149304152?
4
What is the thousands digit of 107229581?
9
What is the ten thousands digit of 372167387?
6
What is the ten millions digit of 20575117?
2
What is the thousands digit of 41730878?
0
What is the hundred millions digit of 227998114?
2
What is the ten thousands digit of 204955467?
5
What is the hundred thousands digit of 76589410?
5
What is the thousands digit of 1170565856?
5
What is the hundred millions digit of 164225589?
1
What is the ten thousands digit of 302144314?
4
What is the hundreds digit of 165711976?
9
What is the tens digit of 112519376?
7
What is the hundreds digit of 524992?
9
What is the hundreds digit of 541377333?
3
What is the millions digit of 4455989414?
5
What is the units digit of 103685830?
0
What is the ten millions digit of 323593728?
2
What is the hundreds digit of 36702223?
2
What is the ten thousands digit of 201131?
0
What is the units digit of 32956407?
7
What is the ten thousands digit of 4854509941?
0
What is the thousands digit of 1519911948?
1
What is the ten millions digit of 43905887?
4
What is the thousands digit of 31866836?
6
What is the millions digit of 829420959?
9
What is the millions digit of 59643950?
9
What is the ten millions digit of 83609094?
8
What is the thousands digit of 531886544?
6
What is the units digit of 4675325?
5
What is the ten millions digit of 8328443510?
2
What is the billions digit of 1809440841?
1
What is the hundreds digit of 3030477557?
5
What is the ten millions digit of 1173814571?
7
What is the tens digit of 14805195?
9
What is the hundred millions digit of 1810615429?
8
What is the tens digit of 94444264?
6
What is the tens digit of 503680266?
6
What is the units digit of 867759623?
3
What is the ten millions digit of 13246692?
1
What is the thousands digit of 833248803?
8
What is the hundreds digit of 241343044?
0
What is the hundred millions digit of 2468061093?
4
What is the units digit of 55276034?
4
What is the tens digit of 2077762547?
4
What is the hundreds digit of 95087090?
0
What is the units digit of 124189114?
4
What is the millions digit of 21100097?
1
What is the units digit of 20724030?
0
What is the thousands digit of 299448067?
8
What is the ten millions digit of 155823371?
5
What is the tens digit of 202146967?
6
What is the tens digit of 79585165?
6
What is the hundred millions digit of 9130626701?
1
What is the hundred millions digit of 815665923?
8
What is the ten thousands digit of 59135200?
3
What is the millions digit of 278716578?
8
What is the ten millions digit of 10867898?
1
What is the millions digit of 50171552?
0
What is the millions digit of 25235042?
5
What is the millions digit of 16475530?
6
What is the units digit of 215869573?
3
What is the units digit of 215582964?
4
What is the hundreds digit of 109473578?
5
What is the hundred thousands digit of 716143634?
1
What is the units digit of 271585923?
3
What is the tens digit of 242029260?
6
What is the hundred millions digit of 486208422?
4
What is the units digit of 261597775?
5
What is the ten thousands digit of 54412796?
1
What is the hundreds digit of 445307239?
2
What is the hundred millions digit of 1103493623?
1
What is the hundred thousands digit of 81833267?
8
What is the billions digit of 5710323559?
5
What is the tens digit of 59706078?
7
What is the hundred thousands digit of 222102188?
1
What is the hundreds digit of 606907913?
9
What is the hundreds digit of 37553350?
3
What is the hundreds digit of 104385798?
7
What is the hundred millions digit of 208080393?
2
What is the hundreds digit of 95089524?
5
What is the ten thousands digit of 95321570?
2
What is the millions digit of 32461484?
2
What is the hundreds digit of 12064306?
3
What is the ten thousands digit of 579987990?
8
What is the hundred thousands digit of 2780354779?
3
What is the ten millions digit of 17137626?
1
What is the hundred thousands digit of 691441917?
4
What is the units digit of 299029456?
6
What is the millions digit of 163820123?
3
What is the tens digit of 123514928?
2
What is the hundreds digit of 8114968?
9
What is the hundreds digit of 183673220?
2
What is the millions digit of 55589438?
5
What is the ten millions digit of 26844638?
2
What is the tens digit of 600859642?
4
What is the tens digit of 99263894?
9
What is the hundreds digit of 3549879963?
9
What is the tens digit of 89206697?
9
What is the thousands digit of 1619480013?
0
What is the millions digit of 27032814?
7
What is the units digit of 3166884135?
5
What is the hundred millions digit of 444129539?
4
What is the hundred millions digit of 2522782221?
5
What is the units digit of 259235024?
4
What is the millions digit of 72890734?
2
What is the thousands digit of 824